*(3 + -1)/(12 + -14). Suppose -5 = t - i. What is the units digit of t/(-5) + (-7904)/(-80)?
9
Suppose 3*d = 2*a - 16, -8*d = 4*a - 4*d - 12. Suppose 4*q - 4*c = 1088, 8*q + c - 804 = a*q. What is the hundreds digit of q?
2
Let g be 27/63*-1 - 150/(-7). Suppose -5*s - 112 = -i, -i + 154 = 2*s + g. What is the hundreds digit of i?
1
Suppose -4*l = 3*f - 10817 - 4760, 3*l = 12. What is the hundreds digit of 1 + 1 + (-8)/((-56)/f)?
7
Suppose 2*y = p - 38, 3*p - p + 2*y = 46. Suppose 0 = -7*v - 0 - p. What is the tens digit of (-22)/(-6) + v + 482/6?
8
Suppose 15*k = 6*k + 252. Suppose -k*m + 5*m + 12282 = 0. What is the tens digit of m?
3
Let h(u) = 15*u**2 - 154*u - 1866. What is the thousands digit of h(-60)?
1
Let b = -8852 + 40157. What is the ten thousands digit of b?
3
Let i be 99 - (2 - (-2 + 1 + -2)). Suppose -104*f + i*f = -1870. What is the units digit of f?
7
Let g = 1224 + -632. Let h(f) = -g*f + 586*f - f**3 + 12 + 6*f**2 + 2*f**3. What is the units digit of h(-6)?
8
Let z(j) be the first derivative of j**6/180 - 7*j**5/60 + j**4/3 + 4*j**3 + 10. Let f(l) be the third derivative of z(l). What is the tens digit of f(12)?
2
Let u = 104 - 101. Suppose -4*y = -u*h + 974, 3*h + 2*y = 4*h - 322. What is the tens digit of h?
3
Suppose q + 2*w - 4952 = 0, 4*w = 46*q - 51*q + 24742. What is the hundreds digit of q?
9
Suppose 4*c - 6 = -2*x, 0 = -3*c - 2*x + 4. Let b be 2*2*(-5)/(-4). Suppose 8 = c*h, 3*v - b*h = -3*h + 7. What is the units digit of v?
5
Let j(h) = h**3 + h**2 - h + 2. Let b be j(-3). Let c(w) = -8*w + 80. What is the hundreds digit of c(b)?
1
Let d(i) = 30*i**2 - 5*i + 21. Let k be d(3). Let z = k - 100. Let j = 325 - z. What is the units digit of j?
9
Let g = 16822 + -250. What is the thousands digit of g?
6
Suppose -15*a + 3 = -16*a. Let u be -36*(20/12 + a). Let g = u + -10. What is the units digit of g?
8
Let t = 54829 + -22368. What is the ten thousands digit of t?
3
Suppose 7*r = 2*h + 4*r + 56, r + 157 = -5*h. Let l = h - -31. Suppose -4*p + 98 = 2*w, -2*p + 4*w = -l*p - 64. What is the units digit of p?
6
Let f = -6422 - -18109. What is the ten thousands digit of f?
1
Let i(s) = 33*s - 60*s + 66*s. What is the units digit of i(5)?
5
Let g(n) = -3 + 11*n**2 - 8*n**2 - 3*n**2 + 2*n**2 + 8*n**3. What is the units digit of g(2)?
9
What is the tens digit of -4 - (228/760 + 4083/(-10))?
0
Suppose 0 = -o + 70 - 52. What is the units digit of 496 - 81/o*4/6?
3
Suppose 5*l = 2*y - 3138, -y = -7*l + 9*l - 1569. Suppose 4*j = -3*a + y, -1792 - 574 = -6*j - 2*a. What is the hundreds digit of j?
3
Let d(a) = -1471*a - 144. What is the thousands digit of d(-6)?
8
Let z = 3379 + -3032. What is the tens digit of z?
4
What is the ten thousands digit of (-90)/24*299064/(-85)?
1
Let w be 18/(-12) + 3/6. Let h(u) = -1. Let o(q) = 9*q**2 - 5*q - 3. Let y(c) = -h(c) + o(c). What is the units digit of y(w)?
2
Let p be (1 - 0) + 8 + (57 - 62). Suppose i = -z + 5*i + 636, 0 = 4*z - p*i - 2592. What is the tens digit of z?
5
Suppose 69*u - 65855 + 5963 = 0. Let l = 1711 - u. What is the tens digit of l?
4
Suppose 2*q + 7274 = d, -5*d - 16*q + 14*q = -36358. What is the tens digit of d?
7
Suppose -4309175 = -387*n + 322*n. What is the hundreds digit of n?
2
Let r be ((-39)/3)/(2/8). Suppose -6*t + c = -t - 11, -4*c = 4. What is the tens digit of (43/t)/(r/(-24) + -2)?
2
Suppose a + 2*i = 14, 4*i = a - 0*a - 2. Suppose 5*h = y + 5837, -a*y + 7*y = -3*h + 3495. What is the thousands digit of h?
1
Suppose 5*m + 6 = -4. Let n be 10*(-40)/(m + 0). Let z = -135 + n. What is the tens digit of z?
6
Let v(i) = i**3 - i**2 + 2*i - 3. Let y be v(2). Suppose t = -2*z + 20 + 9, -91 = -3*t - y*z. Let a = t + 0. What is the units digit of a?
7
What is the tens digit of (210/45)/(-4 + 10/3) - -28156?
4
Suppose -12 = -8*s + 5*s. Suppose -3*b + 14 = -s*h + 3*h, 0 = -4*b - 5*h - 13. Suppose 7*d = b*d + 184. What is the units digit of d?
6
Let i(p) = 130*p - 1774. What is the units digit of i(96)?
6
Let c = 168 + -165. Suppose -753 - 3225 = -c*a. What is the tens digit of a?
2
Let t(a) = 193*a**3 - 23*a**2 + 55*a + 3. What is the thousands digit of t(3)?
5
Let r(t) = -22*t**3 + 215*t**2 - 26*t + 12. What is the thousands digit of r(8)?
2
Suppose 156*h = 239*h - 376488. What is the units digit of h?
6
Suppose 3*w + 3*j = 2*w + 17, -68 = -4*w + 5*j. Let h = w - 21. What is the units digit of 0 - (h - -7 - 56)?
3
Suppose 0 = -4*k + 4*l + 108, -5*k + 2*l + 29 = -4*k. Suppose 5*m = -k, n + 4*n - 4*m = 150. What is the units digit of n?
6
Let w = -214 - -217. Suppose 4*d + 5*n = 1932, w*d + n + 1932 = 7*d. What is the tens digit of d?
8
Let v be (4 - -2)*2/4. Suppose -18*k + 19*k + 4*z + 3 = 0, 0 = -2*z - 6. Suppose v*t = -k + 132. What is the tens digit of t?
4
Let c(r) = 4*r**2 - 23*r - 139. What is the tens digit of c(-7)?
1
Suppose -15*b - 4*d = -11*b - 1212, 4*b - 1200 = -d. Suppose 5*u - b = -4*g + 329, 314 = 2*g - 4*u. What is the tens digit of g?
5
What is the hundreds digit of 11 + -5 + -15 + 7742?
7
Let p(k) = -5*k + 21. Let s(o) = 15*o - 62. Let i(n) = -8*p(n) - 3*s(n). Let q be i(-6). Suppose f = -3*l + 112, -l + q = 4*f + 7. What is the tens digit of l?
3
Let y(b) = 3*b**3 - b**2 - 4*b + 3. Let j be y(1). What is the hundreds digit of 2*(-14)/(-4)*(28 + j)?
2
Let b = 41912 + -12791. What is the ten thousands digit of b?
2
Let r be -4 + 7/28*4. What is the hundreds digit of (r + (-42)/(-12))*822/1?
4
Let s = 887 - 508. What is the hundreds digit of s?
3
Let q = 666 - 669. What is the hundreds digit of q + 4594/6 + (-8)/(-24)?
7
Let y(r) = -r**2 - 18*r - 20. Let m be y(-10). Let k be 3 - 3 - m/(-6). Suppose -15*f + k*f + 205 = 0. What is the units digit of f?
1
Let k = -9 - -25. Let u(x) = 2*x - k*x - 4*x - 6. What is the tens digit of u(-4)?
6
What is the units digit of 397 - (15 - 10 - -7)?
5
Suppose -218*f - 216899 = -223*f + 4*z, z = -1. What is the thousands digit of f?
3
Let u(q) = 0 - 12*q**3 - 2*q**2 + 8*q + 4*q**3 + 0*q**2 + 3. Let g = 749 - 752. What is the hundreds digit of u(g)?
1
Suppose -150*r + 287450 = -1499378 - 504272. What is the units digit of r?
4
Suppose -5*k = 4*m - 22375, -260*k - 5605 = -m - 265*k. What is the thousands digit of m?
5
What is the hundreds digit of (-42)/(-4)*(-31)/((-1302)/78912)?
7
Suppose -2*c + 1424 = s, 4*s + 327 = -c + 1032. What is the tens digit of c?
1
Suppose -3*m = 4*v - 707, 2*v + v - 544 = -5*m. Let r = -313 - -201. Let q = v + r. What is the tens digit of q?
6
Suppose 5*y = 20, -4*z - 48 = 5*y - 0*y. Let l(d) = -d**2 - 24*d - 19. What is the hundreds digit of l(z)?
1
Suppose 2950 = 5*v - 0*v. Suppose v = 6*d - 184. What is the tens digit of d?
2
Let p = -2671 + 17365. What is the units digit of p?
4
Suppose -9*k + 4*k = -2400. Suppose 9*s - 4*s = k. Let i = 169 - s. What is the units digit of i?
3
Let p be ((3/2)/(-1))/((-171)/456). Let r(b) = 6*b**3 - b**2 + 9*b - 10. What is the units digit of r(p)?
4
Let w = 4278 - -13833. What is the hundreds digit of w?
1
Suppose 31 = -3*w + 13, 2*k - 35644 = -w. What is the thousands digit of k?
7
Suppose 13 = i - n, -7*i + 12*i - 65 = 4*n. Suppose 0 = -i*y + 23*y + 240. What is the units digit of y/(-14) + 8 + (-324)/42?
2
Let o(t) be the third derivative of -t**7/360 + 7*t**6/360 - 11*t**5/60 - 20*t**2. Let f(j) be the third derivative of o(j). What is the tens digit of f(-5)?
8
Let y(d) = 2*d + 68. Let p be y(-32). Suppose 5*a - 429 = p*a. What is the units digit of a?
9
Suppose -2*a + t + 21658 = 0, -5*t = -2*a - 4193 + 25835. What is the tens digit of a?
3
Suppose 13*f = 7*f + 5*o + 54079, 0 = -4*f - o + 36057. What is the thousands digit of f?
9
Let s(d) = 3*d**2 - 35*d - 9. Let p be s(12). What is the units digit of (168/p - 2)*(-20)/(-30)?
6
Let x = 738 + 1118. Suppose -1498 = -49*o + 45*o + 2*j, 3*j - x = -5*o. What is the tens digit of o?
7
What is the thousands digit of 25834*(((-75)/(-20))/15)/((-2)/(-4))?
2
Let y be 3*((-10)/6 - -2). Let b = -7 - -5. What is the units digit of b + y + 1 + 253?
3
Let l be (6*1/(-2))/(-1). Suppose 2*d = 2*u + 216, 4*d + l*u - 457 = 2*u. What is the tens digit of d?
1
Suppose 5*o - 255 = 5*h, -2*h = -5*o - 3*h + 225. Let a = 48 - o. Suppose -a*v = -3*r + 224, -r = 3*v - 2*v - 78. What is the units digit of r?
6
Let o =